+ 3). What are the prime factors of d(x)?
2, 7
What are the prime factors of 5 - (-81)/(-18) - (-242)/4?
61
List the prime factors of 24/((-19788)/1650 - -12).
2, 3, 5, 11
Suppose 5*t - 15 - 10 = 0. Suppose 0*d + 290 = t*d. What are the prime factors of d?
2, 29
Let g = -1499 + 4105. What are the prime factors of g?
2, 1303
Let u(l) = 3*l**2 + 6*l. Let d be u(-6). Suppose 4*t = c + 3*c - d, -5*c + 3*t = -98. Let v = c - 7. What are the prime factors of v?
3, 5
Let w(i) = -45 - 13*i**3 - 15*i**3 + 46 - i**2. Let g be w(1). Let d = g - -48. What are the prime factors of d?
2, 5
Let i be (-298)/10 - (-1 + (-18)/(-15)). Let f = i + 43. List the prime factors of f.
13
Let j = 18 - 3. Suppose 5 = -m - j. List the prime factors of ((-76)/m)/((-2)/(-10)).
19
Let t(s) = 19*s**2 + 13*s - 93. List the prime factors of t(6).
3, 223
Let k be 6/2 + 9*18/81. Let q(n) = 8*n**2 + n - 31. List the prime factors of q(k).
2, 3, 29
Suppose -p - 4 = -2*p. Suppose 0 = -p*l + 383 + 25. What are the prime factors of l?
2, 3, 17
Let z = 3301 + -1621. What are the prime factors of z?
2, 3, 5, 7
List the prime factors of ((-26)/(-10))/((-22)/(-110)).
13
Suppose 4*f = f - 39. Let l = f + 25. Suppose -l = -4*h + 28. List the prime factors of h.
2, 5
Let o = -17 - -10. Let d = 56 + -37. Let r = d + o. What are the prime factors of r?
2, 3
Suppose 2*i + 148 = -56. Let z = -19 - i. List the prime factors of z.
83
Let a be 2/8 - (-74)/(-8). List the prime factors of ((-3)/a)/(7/1743).
83
Let u = 25 + -19. Suppose 21*o - u*o = 3645. What are the prime factors of o?
3
Suppose 0 = 4*u + 22*u - 2054. List the prime factors of u.
79
Let c(o) = -o**2 - 61*o + 25. List the prime factors of c(-30).
5, 191
Let m(v) be the first derivative of -v**4/4 - 16*v**3/3 - 9*v**2 - 26*v - 5. List the prime factors of m(-15).
19
Suppose 14*k - 4*k - 12080 = 0. What are the prime factors of k?
2, 151
Let i(v) = -v**3 - 8*v**2 - 8*v - 4. Let y be i(-7). Suppose 11 = y*q - 4. What are the prime factors of q?
5
Let j(w) be the first derivative of 3*w + 4 - 1/2*w**2. What are the prime factors of j(-3)?
2, 3
Let t(x) = 5 + 5*x - 6*x + 2*x - x**2 - 3*x. Let s be t(-3). Suppose a - 81 = -s*a. List the prime factors of a.
3
Suppose 2*p - 5*p = -3*s - 1632, -2216 = -4*p - 4*s. Let w be p/(-45)*(-5 + 0). Let a = w + -31. List the prime factors of a.
2, 3, 5
Suppose 0 = 10*a - 2*a + 7*a. Let k(x) = -x**2 - 3*x + 147. What are the prime factors of k(a)?
3, 7
Let k be ((-21)/(-35))/((-3)/(-10)). Suppose -2*q = 2*d + 3*d - 1019, -k*d + 407 = q. Suppose -29 = 4*j - d. List the prime factors of j.
2, 11
Let t be (-4)/6*72/(-12). Let s = 4 - t. Suppose s = -4*q - q + 50. List the prime factors of q.
2, 5
Let s(m) = m**3 - 5*m**2 + 2. Let w be s(5). Suppose -w*d - 3 = 1. List the prime factors of (18 + 3 - -1) + d.
2, 5
Suppose 5*x = 17*x + 24. What are the prime factors of (x - -168) + -10*(-4)/10?
2, 5, 17
Suppose -6*g + 3385 = 1189. Suppose -3*x - g = -6*x. List the prime factors of x.
2, 61
Let y = -30 + 33. Suppose y*l + 3*n - 465 = 0, -3*n = l - 84 - 71. What are the prime factors of l?
5, 31
Suppose 0 = 6*s - s + 4*z - 118, 0 = -3*s - 4*z + 74. What are the prime factors of s - (3 + (-6 - 1 - -3))?
23
Suppose -2*w = -c - 16, 0 = 5*c + 2 - 12. Let x(z) = z**3 - 9*z**2 + 23*z - 20. What are the prime factors of x(w)?
11, 17
Suppose 7*h - 8*h + 47 = 0. Suppose 8 - h = -f + 4*p, -2*p - 156 = -4*f. List the prime factors of f.
3, 13
Let u(x) = 7*x**3 - 2*x + 1. Suppose -13 = 3*g - 8*g + 2*h, 3*g + h + 1 = 0. List the prime factors of u(g).
2, 3
Let y(l) = l**3 - 19*l**2 + 33*l - 30. List the prime factors of y(18).
2, 3, 5
Let p(j) = 4*j + 4102. What are the prime factors of p(0)?
2, 7, 293
Let t = -325 + 661. List the prime factors of t.
2, 3, 7
Let i = 144 + -128. List the prime factors of (-20800)/(-125) - (i/(-10) - -1).
167
Suppose 43*n - 20*n - 30498 = 0. List the prime factors of n.
2, 3, 13, 17
Let x be (-3)/(((-1)/(-2))/(1/(-3))). Suppose -30 = -m - 0*m. Suppose x*f - m = -8. List the prime factors of f.
11
Let v = -88 + 66. Suppose 7*r + 5 = -5*k + 4*r, 4*k - 2*r + 26 = 0. What are the prime factors of k/v + (-1656)/(-88)?
19
Let c be 7*(5/(-7) + 1). Suppose c*f + 51 = 3*f. List the prime factors of f.
3, 17
Let w = -53 - -73. Suppose -w = -5*h - 0*h. What are the prime factors of h?
2
Let q(c) = 3*c**2 - 35*c + 61. What are the prime factors of q(15)?
211
Let k(n) = n**2 - 2*n + 1. Let y be k(-5). Suppose 0*o + o - y = 0. List the prime factors of o.
2, 3
Suppose 4*f = 3*f + 2502. What are the prime factors of f?
2, 3, 139
Let b(l) = -6*l**2 - 3*l - 2. Let h be b(-1). Let u(g) = -13*g - 26. What are the prime factors of u(h)?
3, 13
Let p(f) = 2*f**2 - 44*f + 43. List the prime factors of p(29).
449
Let s = 881 + -130. List the prime factors of s.
751
Suppose 0 = -3*k, -2*w + 25 = 3*w + 3*k. Suppose 3*u - 1432 = -w*b, 0 = 5*b - 2*u - 1696 + 259. List the prime factors of b.
7, 41
Let k(z) = z**3 - 6*z**2 - 86*z - 66. What are the prime factors of k(14)?
2, 149
List the prime factors of ((-85305)/(-94))/(1/((-4)/(-3))).
2, 5, 11
Suppose -5*q = 20, 0*v - 5*q = 5*v + 400. Let n = -39 - v. List the prime factors of n.
37
Let i be (-5)/(-2) + (-2)/4. Suppose 2*x - 5*l - 320 - 70 = 0, -3*l = -3*x + 603. Suppose -x = -5*y + 3*k, -6*k + k + 82 = i*y. List the prime factors of y.
41
Suppose p + 2*n - 1150 = 4600, -5*p = 5*n - 28765. What are the prime factors of p?
2, 1439
Let o(i) = -i**2 - 5*i + 1. Let t = 8 + -12. Let s be o(t). Suppose w - 6*w + 5*h + 50 = 0, -s*w + 56 = h. What are the prime factors of w?
11
Let i(j) = 32*j**2 - j - 1. Let v be i(2). Suppose 3*m = 34 + v. Suppose -m + 125 = 3*k. What are the prime factors of k?
2, 3
Let j(x) = -x**2 + 10*x + 1. Let f be j(9). Let a be ((-2)/6)/(f/(-90)). List the prime factors of -7 + a - 0 - -25.
3, 7
Let n(b) = 2*b**3 - 51*b**2 - 80*b + 13. List the prime factors of n(29).
2, 5, 179
Suppose -f + 3500 = 4*b, b + 0*f = f + 880. List the prime factors of b.
2, 3, 73
Let h be (5 - 2 - 2) + 1. Suppose t + 13 = h*t. Let k(v) = -v**2 + 15*v - 16. What are the prime factors of k(t)?
2, 5
Let q(p) = p**2 + 2*p - 3. Let y be q(-3). Suppose 3*w - 93 = -0*w. Suppose 120 = 3*r - k - w, y = r + 5*k - 45. List the prime factors of r.
2, 5
Let n(h) = h**3 - 3*h**2 + h - 2. Let o be n(3). Suppose -2*w + 13 - o = 0. What are the prime factors of 14/w*9/3?
7
Suppose 40 = 8*c - 0. Suppose c*x - 271 = -2*s, -4*s = 2*x - 3*x - 553. What are the prime factors of s?
2, 3, 23
Let w = -228 + 96. Let u = w - -327. What are the prime factors of u?
3, 5, 13
Suppose 8*m - 39*m = -18104. What are the prime factors of m?
2, 73
Let d(t) = -72*t + 9. Let p be d(3). Let f = -86 - p. What are the prime factors of f?
11
Let z be (0 + 1)/((-4)/(-20)). Suppose -2*l - z = u, -l + 9 = 4*u - 6. Suppose -5*m - 141 = -5*p + 159, u*p - 270 = -5*m. List the prime factors of p.
3, 19
Suppose -120 = -4*w + 9*w. Let u = 21 + w. List the prime factors of u - (-48 + (0 - 3)).
2, 3
Let v = 15 + -13. What are the prime factors of (-3 - -4)*130/v?
5, 13
Suppose 3*q + t - 3055 = 0, 5*t - 2359 = -5*q + 2716. What are the prime factors of q?
2, 3, 5, 17
Let g(r) = -r**2 - 7*r - 8. Let q(k) = 3*k**2 + 15*k + 15. Let d(p) = -10*g(p) - 4*q(p). Let h be d(10). List the prime factors of (-6)/4*h/15.
2
What are the prime factors of 2518/8*(20 + 60)/5?
2, 1259
Let d be 29*3/(-15) - (-2)/(-10). List the prime factors of (-30)/(-7) + (-280)/(-49) + d.
2
Suppose 0 = -2*c - 2. List the prime factors of 2250/9 + 3 + c.
2, 3, 7
Let y = -92 + 358. Let h = -167 + y. List the prime factors of h.
3, 11
Let u be 12/7*(-350)/(-20). What are the prime factors of 5/(-2)*-2*498/u?
83
What are the prime factors of (41 - 35)*3/(12/554)?
3, 277
List the prime factors of -2 - (-1)/(24/496)*63.
2, 5, 13
Let v = 798 + -295. What are the prime factors of v?
503
Suppose -18*s + 25283 + 9871 = 0. List the prime factors of s.
3, 7, 31
What are the prime factors of ((-4)/3 + 2)/((-244)/(-2191242))?
5987
Let b be 30/4*10*8/100. Suppose 2*c + 22 = -14. Let m = b - c. What are the prime factors of m?
2, 3
Suppose 85 = -5*i - 35. Let p be (-1)/2*i/6. Suppose 0 = p*q - 31 - 63. List the prime factors of q.
47
Let a(b) = 6*b**2 - 6*b - 1. Supp